Suppose -4*v = -z - 117, -v - 18 + 39 = -3*z. Suppose -v*r = -27*r - 1662. What are the prime factors of r?
2, 277
Suppose -4*u + 2235 = -19*u. Let y = u + 503. What are the prime factors of y?
2, 3, 59
Let x(p) = 2*p**2 + 9 + 20*p + 8 + 52 + 4. List the prime factors of x(-9).
5, 11
Let b = 1007 - -6105. List the prime factors of b.
2, 7, 127
Suppose -22*f - 35 = -3*t - 17*f, 2*f + 12 = t. What are the prime factors of 15/t*(-8718)/(-9)?
1453
Suppose -34*k - 240 = -37*k. Suppose 43*h - 39*h - k = 0. List the prime factors of h.
2, 5
Let n = 519 + -1018. Let f = 623 + n. List the prime factors of f.
2, 31
What are the prime factors of 715/1001 + (-69414)/(-7)?
47, 211
Let h(v) = 2*v**3 + 11*v**2 - 8*v - 4. Let p be h(11). Suppose 1454 = 3*c - 5*g - 893, 5*c - 3*g - p = 0. What are the prime factors of c?
19, 41
Suppose -2*i = -5*m + 30211 + 120216, 5*m - i - 150421 = 0. List the prime factors of m.
67, 449
Let w(b) = 2*b**3 - 14*b**2 + 7*b + 33. Let k be w(6). Suppose k*q - 5*y - 577 = 0, 5*y = -2*q - 2*q + 816. List the prime factors of q.
199
Let s be (-5 - -5)/4 + 30 + 2. Let u = s - 35. What are the prime factors of (-8)/(-2) - 18*u?
2, 29
Let t(w) = -2*w**2 - 43*w - 11. Let f = -66 - -52. What are the prime factors of t(f)?
199
Let t be (-6 - (-6 + 5)) + (-9)/(-3). List the prime factors of ((-3276)/294)/(t/14).
2, 3, 13
Let n be 1523 + (99/55)/(3/(-10)). Suppose -761 = -17*c + n. What are the prime factors of c?
2, 67
Let h(b) = -23*b + 139. Let y(r) = 24*r - 140. Let s(w) = 6*h(w) + 5*y(w). What are the prime factors of s(6)?
2, 13
List the prime factors of 2 - 2546170/(-45) - (-9 + (-616)/(-72)).
2, 11, 643
Let i = -44 - -106. Suppose 3*w - 134 - 16 = 0. Suppose d - k - i = -3*k, -d + 4*k = -w. What are the prime factors of d?
2, 29
Let n(t) = -t**3 - 14*t**2 - 17*t - 20. Let g be n(-19). What are the prime factors of (-6)/(-2) + 6/(24/g)?
2, 5, 53
Suppose 4*m - 3*d = 43651, 4*m - 43631 = -14*d + 13*d. What are the prime factors of m?
10909
Let l = -3 + 6. Suppose 3*y - 4*f - 12 = -5*f, -2*y + 15 = 3*f. Suppose 5*j + 2*z = y*j + 128, 4*j = -l*z + 254. List the prime factors of j.
2, 31
Let j = 695 - 2917. Let x = j + 3173. What are the prime factors of x?
3, 317
Suppose 0 = 6*f - f - 3*o + 87, 2*f = 4*o - 46. Let l(r) = -r**3 - 15*r**2 - 7*r - 25. List the prime factors of l(f).
2, 5
Suppose 0 = 4*d - 2340*u + 2339*u - 87505, 2*u = d - 21871. What are the prime factors of d?
131, 167
Suppose 787*j - 745*j = 207900. What are the prime factors of j?
2, 3, 5, 11
Let s(i) = 10*i**2 + 11*i + 21. Suppose 44*o - 49*o - 30 = 0. What are the prime factors of s(o)?
3, 5, 7
Let k(z) = 2*z**3 + 11*z**2 - 8*z. Let t be k(-6). Suppose 2*m = -t*m + 4690. List the prime factors of m.
5, 67
Let m(r) = r**3 + 26*r**2 + 134*r + 13. List the prime factors of m(-9).
2, 23
Suppose 7*q - 512 = 307. Suppose -q*o = -104*o - 23413. List the prime factors of o.
1801
Let w(d) = -24*d**3 - 2*d**2 - 26*d - 71. What are the prime factors of w(-5)?
3, 17, 59
Let j = -160 + 2451. List the prime factors of j.
29, 79
Let f(n) = 8*n - 2. Let k(u) = 9*u - 14. Let g be k(2). Let z be 4 - (-17 - (g - (2 + 4))). List the prime factors of f(z).
2, 3, 5
Let b(s) be the first derivative of 213*s**4/2 - s**3/3 - s**2 + 3*s - 56. What are the prime factors of b(1)?
2, 3, 71
Let x = -3872 + 9354. Suppose 15*v - 25222 = -x. What are the prime factors of v?
2, 7, 47
Let x(v) = -18*v**2 - 12*v - 42. Let z be x(-4). Let f(a) = 11*a**2 - 9*a + 4. Let d be f(7). Let o = z + d. What are the prime factors of o?
2, 3, 11
Suppose 10 = j - 2*p, -3*p = -4*j + 2*p + 25. Suppose -l - w = -6*l, j = -2*w. Suppose l*s + 2*s = -5*u + 93, -5*u - 285 = -5*s. List the prime factors of s.
2, 3
Let b(h) = -32*h + 12*h - h**2 + 19*h. Let z be b(3). Let n(t) = -7*t + 10. List the prime factors of n(z).
2, 47
Let d(l) = 2*l**2 - 15*l + 67. Let u be d(8). Let a = 98 + u. List the prime factors of a.
173
Let k = 16282 - 10961. Suppose -7315 = -13*j + k. What are the prime factors of j?
2, 3
Suppose 0 = 2*g - 5*v - 29, -5*g - 21 = 5*v - 6. Suppose 4*w + 1624 = 4*o, -5*o - w + g*w = -2018. List the prime factors of o.
13, 31
Let n be 15/25 + (-244)/(-10). Let o = 29 - n. Suppose -52 = -4*u + o. List the prime factors of u.
2, 7
Let u = 100 - 97. Suppose -5 - 10 = 5*p, -u*s + 486 = 3*p. List the prime factors of s.
3, 5, 11
Let c be (-10910)/(-34) - 10/(-85). Suppose c + 12 = 9*h. Let l = h - 5. What are the prime factors of l?
2
Let y(j) = -j + 11. Let u be y(11). Let x(n) = -n + 203. List the prime factors of x(u).
7, 29
Suppose 6 = -3*c + 30. Suppose 4*k = c*k + 16464. What are the prime factors of (-8)/(-10) - k/30?
2, 3, 23
Let f be (((-64)/8)/(-2))/(-2). What are the prime factors of (-115 + 45)*(f + 0)?
2, 5, 7
Let s(a) = a**3 + 104*a**2 + 44*a + 275. What are the prime factors of s(-98)?
41, 1307
Suppose 0 = n + 2*h - 8415, 18 = 4*h + 2. List the prime factors of n.
7, 1201
Let q(j) = 18799*j - 1075. List the prime factors of q(3).
2, 139, 199
Let j = -301 - -301. Suppose 2*g - 3 = -g - 3*d, -5*g - 3*d = -1. What are the prime factors of 1/(j/2 - g) - -146?
3, 7
Suppose 0 = 3*v + w - 9252, 3*w - 9030 - 6386 = -5*v. List the prime factors of v.
5, 617
What are the prime factors of 1882/4*(-4 - (-11 - 1))?
2, 941
Suppose 5*t = -x - 3*x - 1174, 3*x + t = -886. Let m = x - -591. What are the prime factors of m?
5, 59
Let i = -5097 + 9948. List the prime factors of (i/28)/((-3)/(-12)).
3, 7, 11
What are the prime factors of 2817/(-27)*-426 + 10?
2, 5557
Suppose 3*g = -3*u + 9054, 5*g - 6227 = 5*u + 8883. What are the prime factors of g?
2, 5, 151
Suppose 11*w - 10*w - 54 = 0. Suppose 5*m = -11 - w. Let x(b) = b**3 + 12*b**2 - 13*b + 3. List the prime factors of x(m).
3
Let z(y) = -y**3 + 13*y**2 - y + 18. Let q be z(13). Suppose 24 = q*b + 124. List the prime factors of 12/b + 3340/25 - -2.
3, 5
Let p be ((-70)/(-15))/((-1)/(-36)). Suppose -9*r + 6*r - p = 0. Let x = r - -142. List the prime factors of x.
2, 43
Suppose -2*g = -2*y + 172, 3*g + 144 = -4*y + 460. Let h = -47 - -76. Let w = y - h. List the prime factors of w.
53
Suppose 0 = -3*n + 12, 0*j - 4*j + 2*n = 0. Let u(o) = -17*o + 22. Let v be u(j). What are the prime factors of v/78 - (-587)/13?
3, 5
Let i = 69 + 1. Let t = i + 0. What are the prime factors of (2 + t/25)*20/3?
2
Let q(m) = -1279*m + 1198. What are the prime factors of q(-6)?
2, 1109
Suppose -73814 = -3*y - 2*b, -5*y - b + 63191 = -59844. What are the prime factors of y?
2, 769
Let x(j) = -9*j + 174. Let q be x(-19). Let o = -270 + q. What are the prime factors of o?
3, 5
Let x(z) be the third derivative of 3*z**5/10 + 5*z**4/8 + z**3 + z**2. Suppose -13 = 3*i - 96*r + 95*r, 0 = 5*i + 4*r + 16. What are the prime factors of x(i)?
2, 3, 13
Let j be (2/(-3))/(4/(-4068)). Let p be (-5)/((-15)/j) + 2/(-1). Suppose 3*s + 2*s - 2*f - 566 = 0, p = 2*s - 2*f. What are the prime factors of s?
2, 3, 19
Suppose 98*x + 1359754 = 239*x - 187721. List the prime factors of x.
5, 439
Let t = -559 + 575. Let o(a) = 4*a**2 - 115. List the prime factors of o(t).
3, 101
Suppose 4*y - g - 59494 = 0, -5*y + 6991 = -g - 67376. Suppose -11*p = 3455 - y. What are the prime factors of p?
2, 3, 173
Suppose 0 = a - 4*s - 282, 5*s - 3*s - 1200 = -4*a. Let d = 405 - a. What are the prime factors of d?
107
Suppose 2*y - 360 = -5*c, -5*y = 3*c + 2*c - 870. Let t be (2 + 1 - 1)*(-71)/(-2). Let g = y - t. What are the prime factors of g?
3, 11
Suppose 3*p - 18 = 3. Let a = p + -6. List the prime factors of (-3393)/(-36) + 1/(-4)*a.
2, 47
Suppose f - 5*g - 109 = 0, 191*f + 3*g + 375 = 194*f. What are the prime factors of f?
3, 43
Let d = 164 - 168. List the prime factors of 39/9 + d - (-804)/18.
3, 5
Suppose -35*d - 15992 = -2*u - 33*d, 5*u - 3*d - 39984 = 0. What are the prime factors of u?
2, 3, 31, 43
Let r be (1/(-2))/(28/(-336)). Suppose 14 = r*t + t. Suppose t*s - 76 = -3*o + 141, 0 = -4*o - 4*s + 284. What are the prime factors of o?
3, 5
Let o(b) = 279*b + 17. Let d(u) = u**3 - 14*u**2 + 50*u - 14. Let g be d(8). List the prime factors of o(g).
5, 23
Let u(w) = -6*w + 37*w**2 + 30*w - 7*w - 11*w - 10*w - 10. List the prime factors of u(-5).
5, 11, 17
Let n be (-6)/((231/14966)/(-11)). Suppose -16480 + n = 